3
Let p = 6 + -3. Suppose 0 = c + 5*m - 22, 0 = 5*c + 4*m - p - 23. Suppose c*l - 4*x = 40, -3*x = l + l - 54. What is the units digit of l?
4
Suppose 9*k + 274 = 11*k. Let t = -47 + k. Let j = t - 35. What is the tens digit of j?
5
Let a be 12/54 - 102/(-27). Let q be (a + (0 - 23))*-1. Let g = 32 - q. What is the tens digit of g?
1
Let n = 0 - 3. Let i be 3*-1 + (n - -4). What is the tens digit of (i + 31/4)*4?
2
Let n(b) = 156*b + 196. What is the units digit of n(6)?
2
Suppose 3*k = -g + 2125, 5*k - 2101 = 2*k + 5*g. What is the tens digit of k?
0
Suppose 0 = -4*u + u - 5*h + 24, h = 5*u - 12. Let r(p) = 3*p**2 + 9*p - 3. Let z be r(7). What is the units digit of (z/(-6))/u*-2?
3
Let a be 6 + -5 + (0 - -3). Suppose -a*w + 9*w - 30 = 0. Let r(b) = -b**3 + 7*b**2 - 3*b + 9. What is the tens digit of r(w)?
2
What is the thousands digit of (-2*35)/((-5616)/559 - -10)?
1
Let c(h) = -18*h + 1. Let g be (-9)/5 + (-3)/15. What is the tens digit of c(g)?
3
Suppose -5*z - 104 = -x, -5*x + 506 = -z - 134. Suppose 0 = 5*t - 336 - x. What is the units digit of t?
3
Suppose 2*s + 4*z - 416 = 0, 5*s + 4*z - 6*z = 980. What is the tens digit of s?
9
What is the thousands digit of (6/9)/(24/73692)?
2
Let j(i) = -11*i**2 - 2*i. Let n be j(-1). Let w(c) = -25*c - 31. What is the units digit of w(n)?
4
Let g(l) = -6*l - 15. Let n(t) = 1. Let o(s) = g(s) + 2*n(s). Let r be 60/(-140) + 106/(-14). What is the tens digit of o(r)?
3
Let q = 11 - 10. Let x be 2/q - 6/(-2). Let g(b) = 3*b + 5. What is the tens digit of g(x)?
2
Suppose 3*h - 84 = 3*o, -h + 5*o + 0*o = -40. Suppose -h = 5*b - 10*b. Suppose -x + 5*x - 4*s - 88 = 0, b*s = -5. What is the units digit of x?
1
Let m be ((-2)/(-5))/(((-6)/(-20))/3). What is the tens digit of -4 - (m - (108 + 3)) - 0?
0
Let a be (2 + 1)*28/21. Suppose 3*c = 2*x - 4, 20 - 8 = -a*c + 4*x. Suppose f - 4*f = n - 211, -c*f + 119 = 5*n. What is the tens digit of f?
7
Suppose 0*k + 3*f + 21 = 2*k, -5*k - f + 61 = 0. Suppose -k*g + 9*g + 51 = 0. What is the units digit of g?
7
Let y = 981 - 542. What is the units digit of y?
9
Suppose x + 419 = 5*g + 109, 0 = 3*g + x - 194. What is the tens digit of g?
6
Suppose 2254*u - 2266*u = -13764. What is the thousands digit of u?
1
Suppose -j - 10 - 10 = 0. Let o = -15 - j. Suppose t + 14 = i, -5*i + i - o*t = -92. What is the tens digit of i?
1
Let x(t) = -t - 5. Let y be x(-7). Suppose 3*s = 12, -2*s - y*s = -4*m. Suppose m*o - 6 = 2. What is the units digit of o?
2
Let s(a) = -a**2 + 2*a + 7. Let r be s(3). Let b(m) = 3*m**2 - r*m + 2*m + 2*m. What is the units digit of b(-1)?
3
Let q(u) = 2*u**2 - 11*u - 4. Let l(d) = 2*d**2 - 12*d - 4. Let p(s) = -5*l(s) + 6*q(s). What is the tens digit of p(-3)?
3
Suppose -11*g + 36*g - 3925 = 0. What is the tens digit of g?
5
Let b(h) = -34*h + 3. Let x be b(-3). Suppose -199 - 45 = -4*f - g, 4*f - 244 = -3*g. Let c = x - f. What is the units digit of c?
4
Let k be (-1 + 0)*1*-134. Suppose -4 = 5*l + 2*f - 12, 5*l - 14 = 4*f. Suppose 2*x + l*r - 126 = 0, 2*x + 7 = -r + k. What is the tens digit of x?
6
Let z(g) = 2 - 131*g + 141*g + 5*g**2 - 2*g**2 - 4*g**2. What is the units digit of z(7)?
3
Let j = -3 + 4. Suppose -8*g - 109 - 3 = 0. What is the units digit of 1*(-1 - g - j)?
2
Suppose -98*d = -39460 - 46976. What is the tens digit of d?
8
Let t be (-24)/10 - (-18)/45. Let f be t/(-1) + (1 - 2). Suppose 3*c = -r - f, -r - c = -2*r + 15. What is the tens digit of r?
1
Let v be ((-5)/25*0)/1. Let l(c) = -2*c + 117. What is the units digit of l(v)?
7
Let x = -10 + 6. Let k(j) = -12*j + 3. Let d(m) = -m. Let l(b) = 15*d(b) - k(b). What is the units digit of l(x)?
9
Let b(y) be the third derivative of y**6/120 + y**5/12 - 7*y**4/12 + 4*y**3/3 + y**2. Let l be -302 + 297 - (1/1 + 1). What is the units digit of b(l)?
8
Let u(q) = -q - 1. Let t be 22/(-6) - 12/9. Let c be u(t). Suppose 112 = -0*s + c*s. What is the tens digit of s?
2
Let d(m) = -m**2 + 10*m - 11. Let p be d(6). Let u(y) = -2*y**3 - 3*y**2 - 3*y - 3. Let w be u(-2). Suppose -p = -4*o + w. What is the units digit of o?
5
Let k be ((-6)/12)/((-1)/6). Suppose -k*d = -0*d - 21. Let c = 5 + d. What is the tens digit of c?
1
Suppose -10*t - 776 = -7*t - n, 0 = -5*t - 3*n - 1298. Let o = -58 - t. What is the hundreds digit of o?
2
Let g(n) = -n**3 - 8*n**2 - 15*n - 7. Let w be g(-6). Suppose -13*u = -w*u - 8. What is the units digit of u?
4
Let y(r) = r. Suppose -2*l - 1 = 3. Let x(s) = -1. Let d(o) = l*x(o) - 2*y(o). What is the tens digit of d(-7)?
1
Let l(y) = 0 + 32*y - 82*y - 28*y + 1. What is the tens digit of l(-1)?
7
Suppose 3*t - 5*l = 22, -16*t - 10 = -11*t + l. Let n(w) be the third derivative of -59*w**4/24 - w**3/2 - w**2. What is the tens digit of n(t)?
5
Suppose 0 = -d - 4*b - 21 + 7, -4*d - 80 = 4*b. What is the tens digit of (d/(-33))/((-4)/(-222))?
3
Suppose 60 - 163 = 5*p - 4*i, 0 = p - 5*i + 29. Let v = -19 - p. Suppose 5*x + s - 168 = v, 2 = -3*s - 4. What is the tens digit of x?
3
Suppose 0*x + 4*x = 8. Suppose 4*l = -4*z + 56, -4*z + x*l = -2*l - 72. What is the units digit of z?
6
Let u(s) be the third derivative of -s**4/8 + 7*s**3/3 + 3*s**2. Let q(t) = -2*t + 9. Let j(m) = -7*q(m) + 5*u(m). What is the units digit of j(-6)?
3
Let j = 29 - 26. Suppose 4*d + 4*f + 5 = -7, 0 = -2*f - 10. Suppose r - 50 = -j*z, -3*z + d*z + 6 = 3*r. What is the units digit of z?
8
Suppose 0 = -3*q + 39*q - 40356. What is the hundreds digit of q?
1
Suppose -4*g + 1006 = -1030. What is the hundreds digit of g?
5
Suppose 58 = 3*j - 92. What is the units digit of (j/(-15))/(-2 + (-188)/(-96))?
0
Let w(k) = 2*k**2 - k. Let b be w(1). Let t be b*(-165)/(-9)*3. Let d = -34 + t. What is the tens digit of d?
2
Suppose 3*v + 4*n - 409 = 0, -3*n = -4*v + 2*n + 535. What is the units digit of v?
5
What is the hundreds digit of (-14)/(39/(-65)*(-4)/(-222))?
2
Let h = -2144 + 3613. What is the units digit of h?
9
Suppose 1246 = 11*g - 11899. What is the hundreds digit of g?
1
Let a(p) = -3*p + 3. Let n be a(1). Suppose n = -2*l + 103 + 35. What is the units digit of l?
9
Let m(a) = -a + 7*a**3 + 76*a**3 + a - a + 1. What is the tens digit of m(1)?
8
Suppose -12478 = -261*p + 244*p. What is the hundreds digit of p?
7
Suppose 1652 = 2*k - 5*x, 3*k = 6*k + 2*x - 2440. What is the units digit of k?
6
Suppose -3*q + 32 - 173 = 0. Let n = q + 109. What is the tens digit of n?
6
Let w = 28 - 29. Let u = w - 7. Let m = 56 - u. What is the units digit of m?
4
Let w(b) = -214*b + 12. What is the hundreds digit of w(-2)?
4
Let a = -104 - -27. Let g = -55 - a. What is the units digit of g?
2
Let o = -21 + 16. What is the units digit of (-1)/o + (-1712)/(-40)?
3
Let j be 63/(-6) - (-4)/8. Let d = 13 + j. Suppose -22 = -d*f + 50. What is the units digit of f?
4
What is the units digit of (-9)/(-1)*24338/258?
9
Suppose b - 662 = -6*a + 2*a, -a = -2*b - 161. What is the hundreds digit of a?
1
Let f(v) = -2*v**3 - 94*v**2 + 86*v - 113. What is the tens digit of f(-48)?
6
Let g(i) be the third derivative of i**6/120 - i**5/12 - i**3/6 + 5*i**2. Let v be g(5). Let x(n) = 20*n**2 - n. What is the units digit of x(v)?
1
What is the units digit of (-2)/1*2*(-191 + 6)?
0
Suppose -12 = 4*x - 3*a, x + a = 2*a - 2. Let n be (6 - 2)*522/(-24). What is the units digit of (-2)/((x/n)/(-1))?
9
Suppose 3*s + 3*d = 2208, -3704 = -5*s + 5*d - 2*d. Suppose -231 = -10*q + s. What is the units digit of q?
7
Let s(y) be the second derivative of y**4/12 + 2*y**3/3 + 3*y**2/2 - 4*y. Let h be s(-4). Suppose 8 = h*u - u, -3*g + 2*u + 73 = 0. What is the tens digit of g?
2
What is the hundreds digit of 18468/81 + -3 + 1?
2
Let b = 8 + -1. Suppose -b*a + a = -192. What is the tens digit of a?
3
Let r be (1 - 12/9)*-6. Suppose -3*g - 3*a + 107 + 121 = 0, -3*g - 4*a + 226 = 0. Suppose 21 - r = d + y, -3*d + 4*y + g = 0. What is the units digit of d?
2
Suppose 12*n - 3521 = 391. What is the tens digit of n?
2
Suppose 3*a - 183 - 1899 = 0. What is the tens digit of a?
9
Let g(h) = 14*h**3 + 8*h**2 - 22*h + 13. What is the tens digit of g(6)?
9
Let s = 1594 - 978. What is the tens digit of s?
1
Let y(x) = 13*x**2 - 3*x - 36. What is the hundreds digit of y(-6)?
4
Let v(f) = f**2 - 4*f - 3. Let p = 9 - 5. Let a be v(p). What is the tens digit of (7/